s of z?
2, 3, 5
Suppose 46*k - 51*k = -100. Suppose -214 = -k*j + 17*j + 4*b, j - 70 = 2*b. List the prime factors of j.
2, 37
Suppose 3*t + 0*t = -2*k + 8, -3*t + 6 = 0. Let j(r) = 22*r + 1. Let l be j(k). Let u = 38 - l. List the prime factors of u.
3, 5
Suppose 56*j - 51*j - 5 = -o, 4*j = 0. Suppose -y + 257 = 2*m, 2*y - o*y - 2*m + 787 = 0. List the prime factors of y.
5, 53
Suppose -24*q = -28*q + 6276. Suppose 14*z + 3*d = 17*z - q, -d = -2. What are the prime factors of z?
3, 5, 7
Let q(j) = 5*j + 129. Let b be q(-28). Let h be -2*2/4 - 53. Let w = b - h. What are the prime factors of w?
43
Suppose -12*j = -10*j - a + 19, 5*a - 45 = 5*j. Let t(l) = l**3 + 12*l**2 - 8*l - 13. List the prime factors of t(j).
3, 89
Suppose 7*g = g - 1332. What are the prime factors of (g/4)/(2/(-12))?
3, 37
Let s(m) = 2*m - 24. Let u be s(13). Suppose u*o = -i + 5, -10 = 2*o - 5*o - i. Suppose v + 499 = 3*w, -28 - 133 = -w - o*v. List the prime factors of w.
2, 83
Let r(t) = -t**3 + 12*t**2 - 3*t + 10. Let n be r(12). Let p be (2/((-12)/n))/((-2)/(-96)). Let s = p - 118. What are the prime factors of s?
2, 3, 5
Suppose 246*k = -5*l + 249*k + 21737, -3*k + 17395 = 4*l. What are the prime factors of l?
2, 1087
Suppose 10 = 6*n - n. Suppose 4*s - 3*p - 90 = 0, s - 16 = n*p + 2*p. List the prime factors of s.
2, 3
Suppose -11*d + 10*d - 1662 = -3*d. List the prime factors of d.
3, 277
Let x = 189 + 78. Suppose 2*t + 357 = 5*f - x, 138 = f + 4*t. List the prime factors of f.
2, 3, 7
Suppose -x - 813 = 3*f + 2*x, 4*f = 2*x - 1114. Let y be f/36 + (4/3)/2. Let i = y - -34. List the prime factors of i.
3
Let j = 6054 + 35009. List the prime factors of j.
11, 3733
Let l(j) be the third derivative of -j**6/120 - j**5/10 + 5*j**4/24 - 11*j**3/6 + j**2. Suppose -49 = 32*f - 25*f. What are the prime factors of l(f)?
3
Let b = 490 - 499. What are the prime factors of 1/(b/(-3897)) + 2?
3, 5, 29
Suppose 98*z - 45*z - 115911 = 0. What are the prime factors of z?
3
Let v be (-140)/(-42)*(0 - 27/(-15)). Suppose 0 = v*i - 222 - 0. List the prime factors of i.
37
Suppose 0 = -159*k + 202*k - 172. Let m(p) = -p**2 + 6*p + 5. Let o be m(6). Suppose 334 = 4*y + 3*n + 35, 0 = -k*y + o*n + 291. List the prime factors of y.
2, 37
Let z(f) = 2*f**2 + 7*f - 3. Let o(d) = d - 28. Let h be o(13). Let l = h + 19. What are the prime factors of z(l)?
3, 19
What are the prime factors of (44 + -5175)*-20*(-18)/(-42)?
2, 3, 5, 733
Suppose 16 = -5*v + 41, 4*v = -u + 39. Let o(b) = b + 7. Let m be o(-6). Suppose 10*q = u + m. List the prime factors of q.
2
Let a(p) = 94*p**2 + 9*p + 1. Let d be a(-4). What are the prime factors of 7/35 + d/5?
2, 3, 7
Let a(c) = 2*c + 2. Let k be a(1). Let o be (4/15)/(k/10)*3. What are the prime factors of ((-423)/(-18))/(1 - o/4)?
47
Let f = 159 - 156. Suppose -v = o + 4*v - 410, 2*o + f*v = 813. List the prime factors of o.
3, 5
List the prime factors of 3812/5 - (14 + (-438)/30).
7, 109
Let u(g) = -7*g + 1704. List the prime factors of u(-35).
1949
Let k(j) = -j**3 - j. Let l(n) = n**3 - 10*n**2 - 19*n - 3. Let t(a) = -k(a) + l(a). What are the prime factors of t(9)?
3, 7, 23
Suppose -u + 132322 = 5*a, a + 12*u = 7*u + 26450. What are the prime factors of a?
5, 67, 79
Let l(a) = a**2 - 2*a - 71. Suppose 0 = -63*r + 58*r. Let o be l(r). Let w = o + 120. What are the prime factors of w?
7
Suppose 5 = m - 3*u, 3*u - 4 = -4*m - u. Suppose 3*t + 4*k - m*k - 12 = 0, -3*k = t - 11. What are the prime factors of t/6*(-3 - -228)?
3, 5
Let n be (42/(-7) - -4)/((-6)/(-9921)). Let i = n - -4786. List the prime factors of i.
3, 17, 29
Suppose -4*s = -6*s - 112. What are the prime factors of (s/(-8) + -6)*71*7?
7, 71
Let y(w) = -93*w**3 + 5*w - 6*w**2 + 34*w**3 + 33 + 30*w**3 + 30*w**3. List the prime factors of y(8).
3, 67
Suppose -14054*z + 14035*z = -1489353. List the prime factors of z.
3, 17, 29, 53
Suppose 5*i - 5*q + 220 = 6*i, 2*i - 4*q - 440 = 0. Let h = -48 + i. List the prime factors of h.
2, 43
Let w be (0 - (5 - 3))*-2. Let a be (-189)/(-6) - 2 - (-6)/w. Suppose 32*d - a*d = 45. List the prime factors of d.
3, 5
Let l be 1/((-4)/(-14) + 585/(-2170)). Let c = -55 + l. List the prime factors of -2 + -1 + 791/c.
2, 5, 11
Let n(a) = -3*a**3 + 3*a**2 - 20*a + 5. Let m = 444 - 450. What are the prime factors of n(m)?
881
Let v be 10*(-2)/((-9348)/(-3126) + -3). Suppose 3*d - 252 = j - 955, -3*j + 4*d = -v. List the prime factors of j.
2, 43
Let n(m) = 0*m**2 + 10 + 3*m**2 - 14 + 6*m. Let u be n(-3). Suppose u*i - 211 - 84 = 0. List the prime factors of i.
59
Suppose -11*j = -2915 - 23419. What are the prime factors of j?
2, 3, 7, 19
Let y(b) = -b**3 + 3*b**2 + 23*b - 8. Let d be y(8). Let u = 383 + d. List the prime factors of u.
239
Suppose -2*g + 16 = -g. Suppose 0 = -g*p + 20*p + 216. Let y = p + 116. List the prime factors of y.
2, 31
Let v = -4316 - -5225. What are the prime factors of v?
3, 101
Suppose 31*u = -49*u - 53*u + 9079112. What are the prime factors of u?
2, 7, 23, 53
Let r(k) = 772*k**2 - 7*k - 8. What are the prime factors of r(4)?
2, 3079
Suppose -5*i + 64340 = 2*y, 45*i = -y + 42*i + 32174. What are the prime factors of y?
2, 5, 643
Let z(c) = c**3 - 3*c**2 - 9*c + 30. Let a be z(5). Let f be (8/7)/(-4) + 150/a. Suppose f*s + 122 = 3*r, -r + 5*s + 4 = -22. List the prime factors of r.
2, 23
Let f(w) = 111*w + 2. Let p(u) = -24*u + 2. Let m be p(0). List the prime factors of f(m).
2, 7
Suppose -15533 = -14*j + 11*j + 4*b, -4*j + 4*b = -20708. List the prime factors of j.
3, 5, 23
Let n be (2/(-8)*2)/((-9)/18). Suppose n = -5*l + 11. Suppose 0*s + l*s - 142 = 0. List the prime factors of s.
71
Suppose 0 = 7*h + 26 + 30. Let p be (-2)/(h/(-980)) + -4. Let d = p - -422. List the prime factors of d.
173
Let y = -64 + 72. Let c = y + -5. Suppose c*l + g - 417 = 0, -g - 91 + 647 = 4*l. List the prime factors of l.
139
What are the prime factors of (3 - 90/9) + -1 + 8891?
3, 7, 47
Suppose -2*t + 3*t = 36. Let q = -103 + t. Let c = -38 - q. What are the prime factors of c?
29
Let u = -33 + 42. Let v be (-3)/u - (-1110)/(-18). Let q = 82 + v. What are the prime factors of q?
2, 5
Let w(m) = m**3 - 7*m**2 + 6*m + 2. Let r be w(6). Suppose 4*l = -r*b + 16, -3*b + 5*l = -10 - 25. Suppose b*j - 141 = 7*j. List the prime factors of j.
47
Let l(m) = -m**2 + 72*m - 441. List the prime factors of l(54).
3, 59
Let d(k) = 4*k**2 - 26*k + 16. Let t be d(6). Let f(w) = 51*w**2 - 5*w + 33. List the prime factors of f(t).
829
Let i(z) be the first derivative of -6*z**2 + 49*z + 48. What are the prime factors of i(-16)?
241
Let g be (-56)/(-2) + (-24)/(-3) + -8. Let a(i) = -i**2 + 50*i + 36. What are the prime factors of a(g)?
2, 163
Let m(q) = 92*q - 8. Let t be 6/((-2)/(8/(-6))). Let z be m(t). Suppose -c = 2*w - 60, -2*w + 0*w = -5*c + z. What are the prime factors of c?
2, 5, 7
Let v be 4*1*(51 + 2). Let t = v + -145. Suppose -t*r + 310 = -62*r. What are the prime factors of r?
2, 31
Suppose -3*r + 5*i + 62014 = 0, 0 = 5*r - 537*i + 542*i - 103250. What are the prime factors of r?
2, 3, 11, 313
Let n be 4/(-14) + (-4)/(-28)*-229. Let f be (3 + -2)*(-2)/6*n. Suppose 0 = 4*r - f - 265. What are the prime factors of r?
3, 23
Let c(m) = 2484*m + 7549. List the prime factors of c(29).
5, 11, 1447
Let m(j) = -98*j - 47. Let i be ((-15)/30)/((-2)/48*-3). What are the prime factors of m(i)?
3, 5, 23
Let p = -503 - -355. Let z = p + 429. What are the prime factors of z?
281
Let b = -25159 - -59598. What are the prime factors of b?
34439
Let m be 2/(-4)*20/(-2). Suppose m = 5*s, -s = 3*r - 8*r - 11. What are the prime factors of 160/6 + 3 + r/(-6)?
2, 3, 5
Suppose 8*w - 7*w + r - 218 = 0, -451 = -2*w + 3*r. What are the prime factors of w?
13, 17
Let h(d) = 2*d**2 + 30*d + 56. Let x be h(-2). Suppose -5*n + 30 = 40, -x*p = 2*n - 3052. What are the prime factors of p?
2, 191
Suppose 4130 = 3*o + 5*y, 5*o + 4*y = 8847 - 1955. Suppose 0 = 13*j - o + 54. What are the prime factors of j?
2, 3, 17
Suppose -3*u = 2*q - 8, -7*q = u - 12*q + 3. Suppose -u*l + b = 5*b - 2382, -b + 3563 = 3*l. List the prime factors of l.
1187
Let c(l) = -5*l + 56. Suppose -66 = 10*a + 94. What are the prime factors of c(a)?
2, 17
Suppose -91796 - 179494 = 64*o - 79*o. What are the prime factors o